 v(j) = -11*j**2 - 72*j - 73. Give v(-5).
12
Let u(c) = 22*c**2 - 13*c - 15. Calculate u(-3).
222
Let p(o) = -o**3 + 39*o**2 - 173*o - 50. Determine p(34).
-152
Let y(c) = c**3 - 57*c**2 - 15*c + 846. What is y(57)?
-9
Let z(p) = -68*p - 148. Calculate z(-4).
124
Let z(q) = q**2 - 9*q - 101. Calculate z(-6).
-11
Let v(z) = z**2 - 161*z - 640. What is v(-4)?
20
Let b(t) = -2*t**3 + 4*t**2 + 47*t - 155. What is b(3)?
-32
Let i(d) = 3*d**3 + 24*d**2 - 10*d - 7. Calculate i(-9).
-160
Let y(w) = 4*w - 31. Calculate y(2).
-23
Let z(w) = -264*w - 8629. What is z(-33)?
83
Let x(q) = -46*q + 22. Determine x(1).
-24
Let q(y) = 2*y**2 + 40*y + 52. Determine q(-18).
-20
Let x(q) = -q**2 + 110*q - 1305. Calculate x(15).
120
Let s(x) = -x**2 + 50*x - 406. Determine s(30).
194
Let u(x) = 2*x**3 + 12*x**2 + 250*x + 1849. Give u(-7).
1
Let g(b) = 2*b**2 - 129*b + 862. Give g(57).
7
Let i(l) = 17*l - 1220. Determine i(86).
242
Let w(y) = 20*y**2 - 76*y - 9. Give w(4).
7
Let s(q) = -q**2 - 40*q - 176. Give s(-27).
175
Let b(g) = 24*g - 841. Calculate b(40).
119
Let h(j) = 2*j**3 + 9*j**2 + 7*j. Give h(-3).
6
Let g(v) = -2*v**3 - 8*v**2 + 9*v + 5. What is g(-3)?
-40
Let z(t) = 7*t**3 + 12*t**2 + 7*t + 1. Calculate z(-2).
-21
Let h(t) = 278*t - 10847. Determine h(39).
-5
Let b(t) = 3*t**2 - 32*t - 65. Determine b(12).
-17
Let c(y) = -y**3 - 66*y**2 + 9*y + 410. Calculate c(-66).
-184
Let s(d) = d**3 + 77*d**2 - 146*d + 945. Determine s(-79).
-3
Let h(u) = 182*u - 431. Calculate h(0).
-431
Let i(d) = 32*d**2 + 1409*d + 45. Calculate i(-44).
1
Let t(x) = -9*x - 765. Calculate t(-116).
279
Let m(p) = -p - 50. What is m(-16)?
-34
Let p(y) = -y**3 + 11*y**2 + 3*y - 57. What is p(11)?
-24
Let q(f) = f**3 + 40*f**2. Determine q(-40).
0
Let h(q) = 16*q + 8. What is h(1)?
24
Let s(b) = 155*b - 10547. What is s(68)?
-7
Let q(r) = -10*r**2 + 59*r - 60. Give q(1).
-11
Let y(j) = 15*j**3 - 6*j**2 - 2*j + 4. Calculate y(-1).
-15
Let a(k) = 5*k**2 - 470*k + 4917. Calculate a(82).
-3
Let o(b) = -30*b + 702. Calculate o(24).
-18
Let z(w) = w**3 - 38*w + 7. Give z(6).
-5
Let r(w) = -w**3 + 3*w**2 - 329*w + 655. Calculate r(2).
1
Let w(x) = -53*x**2 - 164*x - 19. Determine w(-3).
-4
Let k(q) = -q**3 + 56*q**2 + 53*q + 228. What is k(57)?
0
Let f(m) = -2*m**2 - 1172*m - 129645. Determine f(-438).
3
Let i(s) = 17*s**2 - 61*s + 82. Give i(2).
28
Let d(z) = -884*z + 40670. Calculate d(46).
6
Let u(p) = 10*p**2 - 103*p + 39. What is u(11)?
116
Let g(n) = -1791*n - 8959. Determine g(-5).
-4
Let w(d) = 3*d**2 + d - 22. What is w(-3)?
2
Let d(b) = 13*b**2 - 389*b + 350. Determine d(29).
2
Let u(j) = 50*j - 76. Calculate u(8).
324
Let m(s) = -6*s + 73. Calculate m(18).
-35
Let v(a) = -7*a**2 + 418*a + 187. What is v(60)?
67
Let s(f) = -f**3 - f**2 - 3*f - 6. Give s(3).
-51
Let x(d) = -906*d**2 - 9967*d - 16. Determine x(-11).
-5
Let s(o) = -o**2 - 34*o - 17. What is s(-35)?
-52
Let r(f) = 79*f**2 + 3871*f - 10. What is r(-49)?
-10
Let i(j) = j**2 - 24*j + 13. Calculate i(23).
-10
Let t(d) = 61*d - 3268. Determine t(54).
26
Let t(y) = 112*y + 1447. What is t(-13)?
-9
Let p(b) = 2*b**3 - b**2 + 4*b + 25. What is p(-3)?
-50
Let m(r) = -2178*r - 15243. Calculate m(-7).
3
Let y(l) = -54*l + 787. Calculate y(-4).
1003
Let w(i) = 40*i - 139. Give w(-2).
-219
Let y(x) = -2*x**3 + 3*x**2 + 12*x + 39. Calculate y(-3).
84
Let j(t) = 221*t**2 + 1322*t + 3. What is j(-6)?
27
Let v(u) = -6*u**2 - 158*u + 289. What is v(-28)?
9
Let y(r) = 474*r + 944. Calculate y(-2).
-4
Let o(u) = 2*u**2 + 1214*u + 6033. What is o(-5)?
13
Let u(k) = -19*k + 250. What is u(14)?
-16
Let j(p) = -41*p**3 + 2*p**2 + 10*p - 13. Determine j(1).
-42
Let k(b) = -b**2 - 58*b - 60. What is k(-57)?
-3
Let n(z) = -578*z + 6250. Give n(11).
-108
Let z(p) = -p**3 - 26*p**2 + p + 276. Determine z(-25).
-374
Let h(a) = a**3 - 2*a**2 - 357*a + 2249. What is h(7)?
-5
Let q(g) = 4*g - 17. Calculate q(-7).
-45
Let w(q) = -q**2 + 130*q - 2405. What is w(22)?
-29
Let b(u) = -878*u - 86920. Determine b(-99).
2
Let k(a) = -a**2 - 7*a + 82. Determine k(4).
38
Let a(q) = -48*q + 2803. Determine a(59).
-29
Let k(v) = -6*v**2 - 5023*v + 20109. Determine k(4).
-79
Let t(z) = -6*z**3 - 19*z**2 - 35*z - 1. Give t(-2).
41
Let g(v) = v**3 + 7*v**2 - 2*v - 11. Calculate g(-6).
37
Let n(m) = -m**2 - 97*m + 2343. Give n(-117).
3
Let u(v) = v**3 + 8*v**2 - 32*v - 2. Give u(-10).
118
Let f(x) = 567*x - 2277. Give f(4).
-9
Let i(x) = -x**3 + 11*x**2 - 31*x + 26. Give i(6).
20
Let y(o) = -11*o**2 + 461*o - 883. What is y(2)?
-5
Let w(d) = -429*d + 7325. What is w(17)?
32
Let a(p) = -p**3 - 85*p**2 - 114*p - 2535. What is a(-84)?
-15
Let x(g) = -2*g**2 - 11*g + 40. Determine x(-9).
-23
Let m(y) = -2*y**2 + 10*y + 4899. Give m(-47).
11
Let k(b) = 21*b**3 + b**2 - 3*b + 5. What is k(2)?
171
Let h(t) = t**2 - 11*t - 18. Calculate h(-8).
134
Let m(r) = r**3 - 59*r**2 - 3828*r + 590. Give m(98).
2
Let o(c) = -18*c**3 + 2*c**2 + 14*c + 14. Calculate o(-1).
20
Let f(u) = -34*u + 190. What is f(8)?
-82
Let t(s) = s**2 + 1806*s - 106. Determine t(0).
-106
Let m(r) = 16*r**2 - 159*r - 23. Determine m(10).
-13
Let u(v) = -v**2 + 260*v + 1313. Calculate u(-5).
-12
Let t(s) = -s**2 - 46*s + 1077. Determine t(21).
-330
Let b(r) = -8*r**3 - r**2 - 34*r + 75. Determine b(3).
-252
Let i(s) = -31*s - 97. Determine i(-3).
-4
Let o(u) = -4793*u + 23971. Calculate o(5).
6
Let i(f) = -223*f - 3. Determine i(0).
-3
Let f(o) = -2*o**3 - 90*o**2 - o - 2. Calculate f(-1).
-89
Let o(j) = 1487*j + 16353. Calculate o(-11).
-4
Let o(x) = 5*x**3 + 6*x**2 + 3*x - 45. Calculate o(-5).
-535
Let k(w) = -15*w**2 + 4*w - 6. Calculate k(3).
-129
Let a(t) = 46*t**2 + 20*t - 44. What is a(2)?
180
Let k(y) = -y**2 - 6*y - 136. Give k(-13).
-227
Let r(u) = 2*u**2 + 52*u + 14. What is r(-14)?
-322
Let s(k) = -2*k**2 + 180*k + 2214. Calculate s(101).
-8
Let f(o) = o**3 + 18*o**2 - 4*o - 80. What is f(-18)?
-8
Let x(f) = 602*f + 615. Calculate x(-1).
13
Let d(f) = -3*f**2 + 91*f - 25. What is d(29)?
91
Let m(o) = 3*o**2 + 68*o - 394. What is m(-30)?
266
Let i(o) = 5*o**2 - 211*o + 44. Determine i(42).
2
Let t(p) = -5*p**2 - 40*p - 4. What is t(-9)?
-49
Let i(a) = 274*a + 1615. Give i(-6).
-29
Let x(t) = -t**3 - 55*t**2 + 376*t + 13. Calculate x(6).
73
Let a(w) = -w**3 + 11*w**2 - 48*w + 76. Determine a(5).
-14
Let w(x) = -109*x - 414. Give w(-7).
349
Let a(y) = -27*y**2 - 60*y - 18. What is a(-2)?
-6
Let g(p) = 13*p - 146. Calculate g(14).
36
Let y(a) = -192*a - 198. What is y(-1)?
-6
Let y(r) = r**3 + 54*r**2 + 430*r - 105. Give y(-10).
-5
Let y(f) = 445*f + 2691. Determine y(-6).
21
Let u(j) = 2*j**3 - 50*j**2 - 13*j + 561. Give u(25).
236
Let c(b) = -17*b + 2. Determine c(-3).
53
Let y(p) = 71*p**2 - 1916*p - 40. Determine y(27).
-13
Let r(x) = 158*x - 1285. Determine r(8).
-21
Let w(r) = -861*r - 60. Calculate w(-1).
801
Let n(l) = -l**2 - 37*l + 141. Calculate n(-41).
-23
Let s(f) = f**2 + 91*f + 1958. Determine s(-55).
-22
Let p(c) = c**3 - 9*c**2 - 197*c + 296. Determine p(18).
-334
Let t(m) = 139*m - 30. Give t(1).
109
Let g(t) = 7*t**2 - 153*t + 121. Calculate g(21).
-5
Let i(l) = -2*l**3 - 115*l**2 - 66*l - 492. Calculate i(-57).
21
Let w(s) = 72*s**2 - 4*s - 3. Determine w(-1).
73
Let m(s) = 2*s**2 + 88*s + 200. What is m(-41)?
-46
Let q(g) = -3*g**3 + 18*g**2 + 22*g - 19. Give q(7).
-12
Let a(q) = -2081*q - 4193. Calculate a(-2).
-31
Let p(f) = f**3 + 47*f**2 - 194*f - 2198. Give p(-50).
2
Let p(j) = -j**3 - 132*j**2 + 1117*j - 432. Calculate p(-140).
-12
Let z(d) = 542*d - 6506. Determine z(12).
-2
Let g(o) = -o**3 - 9*o**2 + 139*o. Calculate g(-17).
-51
Let t(s) = -5*s**3 + 9*s**2 + 13*s - 28. Give t(3).
-43
Let f(h) = -704*h - 1427. Calculate f(-2).
-19
Let f(p) = -328*p - 2947. What is f(-9)?
5
Let x(z) = -2*z**3 + 13*z**2 + 15*z - 76. Determine x(7).
-20
Let s(a) = 17*a**2 - 1989*a + 13. Determine s(117).
13
Let x(t) = t**2 + 47*t - 371. Give x(7).
7
Let u(d) = d**3 - 5*d**2 + 28*d - 139. Determine u(5).
1
Let s(z) = -12*z**2 + 49*z - 74. What is s(6)?
-212
Let j(q) = q**3 - 19*q**2 - 71*q - 71. What is j(22)?
-181
Let k(s) = 119*s - 531. Give k(3).
-174
Let v(k) = -2*k**3 + 6*k**2 + 9*k - 45. Calculate v(4).
-41
Let j(c) = -c**3 + 37*c**2 - 608*c + 20596. What is j(36)?
4
Let q(s) = 2